 the remainder when 224495 is divided by 56121?
11
Calculate the remainder when 11481 is divided by 638.
635
What is the remainder when 8244 is divided by 7974?
270
What is the remainder when 888797 is divided by 16?
13
What is the remainder when 24872 is divided by 24846?
26
What is the remainder when 6046 is divided by 2003?
37
What is the remainder when 57213 is divided by 11441?
8
What is the remainder when 876955 is divided by 406?
401
What is the remainder when 16858 is divided by 138?
22
Calculate the remainder when 157190 is divided by 14.
12
What is the remainder when 2192 is divided by 1968?
224
Calculate the remainder when 275030 is divided by 62.
60
What is the remainder when 722 is divided by 213?
83
Calculate the remainder when 462557 is divided by 49.
46
What is the remainder when 99023 is divided by 12377?
7
What is the remainder when 2997 is divided by 308?
225
Calculate the remainder when 1711 is divided by 112.
31
What is the remainder when 52805 is divided by 24?
5
Calculate the remainder when 283778 is divided by 430.
408
What is the remainder when 4788660 is divided by 151?
148
Calculate the remainder when 526 is divided by 526.
0
Calculate the remainder when 23423 is divided by 58.
49
Calculate the remainder when 1448538 is divided by 53.
48
What is the remainder when 2032 is divided by 948?
136
What is the remainder when 1225 is divided by 300?
25
What is the remainder when 8137 is divided by 22?
19
What is the remainder when 1881846 is divided by 610?
606
What is the remainder when 9826 is divided by 4888?
50
Calculate the remainder when 14309 is divided by 36.
17
What is the remainder when 12078 is divided by 83?
43
What is the remainder when 169651 is divided by 332?
331
What is the remainder when 23921 is divided by 88?
73
What is the remainder when 82992 is divided by 55?
52
Calculate the remainder when 8962 is divided by 918.
700
Calculate the remainder when 5756 is divided by 115.
6
What is the remainder when 81400 is divided by 27132?
4
Calculate the remainder when 24 is divided by 10.
4
Calculate the remainder when 11776 is divided by 380.
376
What is the remainder when 18453 is divided by 142?
135
Calculate the remainder when 752 is divided by 122.
20
What is the remainder when 22020 is divided by 11010?
0
What is the remainder when 5757 is divided by 1769?
450
What is the remainder when 1350 is divided by 302?
142
What is the remainder when 8234 is divided by 4078?
78
What is the remainder when 7963 is divided by 910?
683
What is the remainder when 10606 is divided by 2396?
1022
Calculate the remainder when 1038 is divided by 105.
93
Calculate the remainder when 1019216 is divided by 41.
38
Calculate the remainder when 8192 is divided by 369.
74
Calculate the remainder when 1780 is divided by 1744.
36
What is the remainder when 1569 is divided by 767?
35
Calculate the remainder when 204709 is divided by 102.
97
Calculate the remainder when 3637 is divided by 24.
13
What is the remainder when 5720 is divided by 519?
11
What is the remainder when 1372 is divided by 514?
344
Calculate the remainder when 392699 is divided by 79.
69
What is the remainder when 3171 is divided by 1057?
0
Calculate the remainder when 1553 is divided by 516.
5
Calculate the remainder when 684867 is divided by 185.
182
What is the remainder when 23414 is divided by 7764?
122
Calculate the remainder when 1568 is divided by 207.
119
What is the remainder when 1798 is divided by 336?
118
What is the remainder when 37779 is divided by 134?
125
Calculate the remainder when 78195 is divided by 175.
145
What is the remainder when 11813 is divided by 1684?
25
What is the remainder when 1040 is divided by 46?
28
What is the remainder when 1065 is divided by 44?
9
Calculate the remainder when 93567 is divided by 58.
13
What is the remainder when 30996 is divided by 1823?
5
What is the remainder when 95039 is divided by 8?
7
Calculate the remainder when 19747 is divided by 7.
0
What is the remainder when 4364 is divided by 161?
17
Calculate the remainder when 1124 is divided by 161.
158
What is the remainder when 97000 is divided by 35?
15
Calculate the remainder when 76915 is divided by 167.
95
Calculate the remainder when 396664 is divided by 1954.
2
What is the remainder when 2346 is divided by 177?
45
Calculate the remainder when 11104 is divided by 51.
37
Calculate the remainder when 1064 is divided by 55.
19
Calculate the remainder when 18645 is divided by 4651.
41
Calculate the remainder when 82183 is divided by 27389.
16
Calculate the remainder when 91952 is divided by 388.
384
Calculate the remainder when 18340 is divided by 174.
70
What is the remainder when 50718 is divided by 974?
70
What is the remainder when 8154 is divided by 477?
45
Calculate the remainder when 1801 is divided by 482.
355
Calculate the remainder when 1128011 is divided by 97.
95
Calculate the remainder when 55241 is divided by 1028.
757
What is the remainder when 8534 is divided by 943?
47
What is the remainder when 936085 is divided by 34?
31
What is the remainder when 1196 is divided by 179?
122
What is the remainder when 347 is divided by 217?
130
Calculate the remainder when 4058 is divided by 71.
11
What is the remainder when 8820 is divided by 630?
0
What is the remainder when 123912 is divided by 44?
8
What is the remainder when 7627 is divided by 39?
22
Calculate the remainder when 6505 is divided by 11.
4
Calculate the remainder when 21337 is divided by 22.
19
Calculate the remainder when 15904 is divided by 695.
614
Calculate the remainder when 137471 is divided by 192.
191
What is the remainder when 24649 is divided by 27?
25
Calculate the remainder when 7447 is divided by 693.
517
Calculate the remainder when 66905 is divided by 18.
17
What is the remainder when 9695 is divided by 103?
13
What is the remainder when 748373 is divided by 249457?
2
What is the remainder when 512 is divided by 16?
0
What is the remainder when 205011 is divided by 107?
106
Calculate the remainder when 8239 is divided by 433.
12
What is the remainder when 42368 is divided by 12?
8
Calculate the remainder when 6407 is divided by 527.
83
What is the remainder when 108911 is divided by 13609?
39
What is the remainder when 5462 is divided by 2361?
740
What is the remainder when 120710 is divided by 686?
660
Calculate the remainder when 4132652 is divided by 1743.
1742
Calculate the remainder when 144976 is divided by 146.
144
Calculate the remainder when 1540 is divided by 358.
108
Calculate the remainder when 17597 is divided by 4399.
1
Calculate the remainder when 526586 is divided by 3291.
26
What is the remainder when 2298 is divided by 2240?
58
Calculate the remainder when 14302 is divided by 32.
30
Calculate the remainder when 22912 is divided by 7578.
178
What is the remainder when 840639 is divided by 271?
268
What is the remainder when 17278 is divided by 21?
16
What is the remainder when 2863 is divided by 227?
139
Calculate the remainder when 4176 is divided by 3250.
926
Calculate the remainder when 1963 is divided by 555.
298
What is the remainder when 1668 is divided by 197?
92
Calculate the remainder when 7180 is divided by 16.
12
Calculate the remainder when 30153 is divided by 1585.
38
What is the remainder when 131132 is divided by 1102?
1096
What is the remainder when 6642 is divided by 261?
117
What is the remainder when 24772 is divided by 210?
202
What is the remainder when 1882 is divided by 97?
39
Calculate the remainder when 3544 is divided by 111.
103
Calculate the remainder when 153148 is divided by 76550.
48
Calculate the remainder when 1980 is divided by 660.
0
What is the remainder when 158568 is divided by 26?
20
Calculate the remainder when 1311 is divided by 37.
16
Calculate the remainder when 678 is divided by 254.
170
What is the remainder when 5539 is divided by 43?
35
What is the remainder when 5166 is divided by 1709?
39
Calculate the remainder when 947838 is divided by 449.
448
Calculate the remainder when 327119 is divided by 20.
19
What is the remainder when 13926 is divided by 376?
14
What is the remainder when 5359 is divided by 5339?
20
What is the remainder when 4623 is divided by 9?
6
What is the remainder when 7639 is divided by